{"id":916,"date":"2026-01-12T12:46:10","date_gmt":"2026-01-12T12:46:10","guid":{"rendered":"https:\/\/zahnaerztin-dr-gaengler.de\/?page_id=916"},"modified":"2026-01-12T12:48:08","modified_gmt":"2026-01-12T12:48:08","slug":"kontakt-2","status":"publish","type":"page","link":"https:\/\/zahnaerztin-dr-gaengler.de\/index.php\/kontakt-2\/","title":{"rendered":"Anfahrt"},"content":{"rendered":"\t\t<div data-elementor-type=\"wp-page\" data-elementor-id=\"916\" class=\"elementor elementor-916\" data-elementor-post-type=\"page\">\n\t\t\t\t<div class=\"elementor-element elementor-element-41531e62 e-flex e-con-boxed e-con e-parent\" data-id=\"41531e62\" data-element_type=\"container\" data-settings=\"{&quot;background_background&quot;:&quot;classic&quot;}\">\n\t\t\t\t\t<div class=\"e-con-inner\">\n\t\t\t\t<div class=\"elementor-element elementor-element-1688e220 elementor-widget elementor-widget-heading\" data-id=\"1688e220\" data-element_type=\"widget\" data-widget_type=\"heading.default\">\n\t\t\t\t\t<h1 class=\"elementor-heading-title elementor-size-default\">Unsere Zahnarztpraxis in Dresden Trachau<\/h1>\t\t\t\t<\/div>\n\t\t\t\t<div class=\"elementor-element elementor-element-4c91863c elementor-widget elementor-widget-heading\" data-id=\"4c91863c\" data-element_type=\"widget\" data-widget_type=\"heading.default\">\n\t\t\t\t\t<h2 class=\"elementor-heading-title elementor-size-default\">Anfahrt<\/h2>\t\t\t\t<\/div>\n\t\t\t\t<div class=\"elementor-element elementor-element-7b171845 elementor-widget elementor-widget-google_maps\" data-id=\"7b171845\" data-element_type=\"widget\" data-widget_type=\"google_maps.default\">\n\t\t\t\t\t\t\t<div class=\"elementor-custom-embed\">\n\t\t\t<iframe loading=\"lazy\"\n\t\t\t\t\tsrc=\"https:\/\/maps.google.com\/maps?q=Leipziger%20Str.%20230%20%2C%2001139%20Dresden&#038;t=m&#038;z=15&#038;output=embed&#038;iwloc=near\"\n\t\t\t\t\ttitle=\"Leipziger Str. 230 , 01139 Dresden\"\n\t\t\t\t\taria-label=\"Leipziger Str. 230 , 01139 Dresden\"\n\t\t\t><\/iframe>\n\t\t<\/div>\n\t\t\t\t\t\t<\/div>\n\t\t\t\t<div class=\"elementor-element elementor-element-ddd368e elementor-widget elementor-widget-spacer\" data-id=\"ddd368e\" data-element_type=\"widget\" data-widget_type=\"spacer.default\">\n\t\t\t\t\t\t\t<div class=\"elementor-spacer\">\n\t\t\t<div class=\"elementor-spacer-inner\"><\/div>\n\t\t<\/div>\n\t\t\t\t\t\t<\/div>\n\t\t\t\t<div class=\"elementor-element elementor-element-4a2c1298 elementor-widget elementor-widget-heading\" data-id=\"4a2c1298\" data-element_type=\"widget\" data-widget_type=\"heading.default\">\n\t\t\t\t\t<h1 class=\"elementor-heading-title elementor-size-default\">So erreichen Sie uns<\/h1>\t\t\t\t<\/div>\n\t\t<div class=\"elementor-element elementor-element-37a6e054 e-con-full e-flex e-con e-child\" data-id=\"37a6e054\" data-element_type=\"container\">\n\t\t\t\t<div class=\"elementor-element elementor-element-77b31be5 elementor-widget__width-initial elementor-widget-mobile__width-inherit elementor-widget elementor-widget-text-editor\" data-id=\"77b31be5\" data-element_type=\"widget\" data-widget_type=\"text-editor.default\">\n\t\t\t\t\t\t\t\t\t<h5>Mit der Stra\u00dfenbahn Linie 4<\/h5>\n<p>Bis zur Haltestelle \u201eAlttrachau\u201c + ca. 2 Minuten Fu\u00dfweg<\/p>\t\t\t\t\t\t\t\t<\/div>\n\t\t\t\t<div class=\"elementor-element elementor-element-68962345 elementor-widget__width-initial elementor-widget-mobile__width-inherit elementor-widget elementor-widget-text-editor\" data-id=\"68962345\" data-element_type=\"widget\" data-widget_type=\"text-editor.default\">\n\t\t\t\t\t\t\t\t\t<h5>Mit der <strong>S-Bahn<\/strong><\/h5><p>Am Haltepunkt Dresden-Trachau aussteigen + ca. 15 min Fu\u00dfweg<\/p>\t\t\t\t\t\t\t\t<\/div>\n\t\t\t\t<div class=\"elementor-element elementor-element-7fa5c338 elementor-widget__width-initial elementor-widget-mobile__width-inherit elementor-widget elementor-widget-text-editor\" data-id=\"7fa5c338\" data-element_type=\"widget\" data-widget_type=\"text-editor.default\">\n\t\t\t\t\t\t\t\t\t<h5>Mit dem Auto<\/h5>\n<p>Kostenfreie Parkm\u00f6glichkeiten und Ein-Stundenparkpl\u00e4tze (Parkscheibe) befinden sich in der N\u00e4he.<\/p>\t\t\t\t\t\t\t\t<\/div>\n\t\t\t\t<\/div>\n\t\t\t\t\t<\/div>\n\t\t\t\t<\/div>\n\t\t\t\t<\/div>\n\t\t","protected":false},"excerpt":{"rendered":"<p>Unsere Zahnarztpraxis in Dresden Trachau Anfahrt So erreichen Sie uns Mit der Stra\u00dfenbahn Linie 4 Bis zur Haltestelle \u201eAlttrachau\u201c + ca. 2 Minuten Fu\u00dfweg Mit der S-Bahn Am Haltepunkt Dresden-Trachau aussteigen + ca. 15 min Fu\u00dfweg Mit dem Auto Kostenfreie Parkm\u00f6glichkeiten und Ein-Stundenparkpl\u00e4tze (Parkscheibe) befinden sich in der N\u00e4he.<\/p>\n","protected":false},"author":1,"featured_media":0,"parent":0,"menu_order":0,"comment_status":"closed","ping_status":"closed","template":"","meta":{"footnotes":""},"class_list":["post-916","page","type-page","status-publish","hentry"],"_links":{"self":[{"href":"https:\/\/zahnaerztin-dr-gaengler.de\/index.php\/wp-json\/wp\/v2\/pages\/916","targetHints":{"allow":["GET"]}}],"collection":[{"href":"https:\/\/zahnaerztin-dr-gaengler.de\/index.php\/wp-json\/wp\/v2\/pages"}],"about":[{"href":"https:\/\/zahnaerztin-dr-gaengler.de\/index.php\/wp-json\/wp\/v2\/types\/page"}],"author":[{"embeddable":true,"href":"https:\/\/zahnaerztin-dr-gaengler.de\/index.php\/wp-json\/wp\/v2\/users\/1"}],"replies":[{"embeddable":true,"href":"https:\/\/zahnaerztin-dr-gaengler.de\/index.php\/wp-json\/wp\/v2\/comments?post=916"}],"version-history":[{"count":3,"href":"https:\/\/zahnaerztin-dr-gaengler.de\/index.php\/wp-json\/wp\/v2\/pages\/916\/revisions"}],"predecessor-version":[{"id":919,"href":"https:\/\/zahnaerztin-dr-gaengler.de\/index.php\/wp-json\/wp\/v2\/pages\/916\/revisions\/919"}],"wp:attachment":[{"href":"https:\/\/zahnaerztin-dr-gaengler.de\/index.php\/wp-json\/wp\/v2\/media?parent=916"}],"curies":[{"name":"wp","href":"https:\/\/api.w.org\/{rel}","templated":true}]}}